
Suppose 8*w + 0 = 288. Calculate the highest common factor of w and 396.
36
Let w = 62 - 90. Let p = w - -48. What is the greatest common divisor of 10 and p?
10
Let m = 27 - 41. Let p be m/5*(-6 - -1). Let q = -8 + p. Calculate the greatest common divisor of 9 and q.
3
Let h be ((-14)/6)/((-3)/9). Let v be (2 + h)/(-1) + -1. Let c be (-266)/(-10) + (-4)/v. Calculate the highest common factor of c and 18.
9
Let m be ((-6)/4)/((-12)/16). Let v be (m/(-3) - -1)*18. Calculate the greatest common factor of 48 and v.
6
Suppose -4*w + 11 = -173. Let f = w - -17. What is the greatest common factor of 9 and f?
9
Let o = 117 + -63. What is the greatest common factor of 36 and o?
18
Let x(b) = -b**3 + b + 44. Let g be x(0). Let k(o) = 2*o**2 - 6*o + 3. Let z be k(4). Calculate the highest common factor of z and g.
11
Let p be (-4)/(-16) + (-2)/8. Suppose -3*u - 14 + 77 = p. What is the highest common divisor of u and 3?
3
Suppose -3*g = 2*g - 280. Let x be ((-3)/2)/((-6)/g). Suppose -16 - x = -2*h. What is the highest common divisor of h and 3?
3
Let l be (2/(-6)*-9)/(2/16). Calculate the greatest common factor of l and 264.
24
Let s(q) = 5*q**2 + 16*q - 4. Let u(r) = 9*r**2 + 31*r - 8. Let d(v) = -5*s(v) + 3*u(v). Let k be d(-12). What is the greatest common factor of 16 and k?
16
Let j(g) = g**3 - g**2 - g + 7. Let v(u) = -u**2 + 1. Let i be v(1). Let r be j(i). Suppose -2*n = -r*n + 935. What is the highest common factor of 17 and n?
17
Let h = -2 + 6. Let k(z) = z**2 + 3*z - 4. Let u be k(h). Calculate the greatest common factor of 8 and u.
8
Let g be 1/((-7)/4 + 2). Suppose 3*v + v = -g*u - 152, -4*u - 3*v - 153 = 0. Let w = u - -59. Calculate the greatest common divisor of 4 and w.
4
Suppose -3*k + 15 = -117. Calculate the highest common divisor of 110 and k.
22
Let k(d) = 7*d**3 - 13*d**2 + 33*d - 4. Let g be k(2). Let p(l) = -l**3 - 3*l**2 + 4*l + 3. Let x be p(-5). Calculate the greatest common divisor of g and x.
33
Let c = -10 - -21. Suppose -4*m + 31 + 15 = 2*a, 3*m - 38 = -5*a. What is the highest common divisor of c and m?
11
Let q = -7 + 11. Suppose q*j - 34 = -2. Let o = j + -6. Calculate the highest common factor of 2 and o.
2
Suppose -5*d + 2*i - 1 = -4*d, 5*d + 4*i - 9 = 0. Let o = 5 + d. What is the highest common factor of o and 24?
6
Let i = 17 + 19. Let h(l) = -6*l**2 - 5*l - 2. Let c be h(-3). Let g = -17 - c. What is the highest common factor of g and i?
12
Let s = 27 + -6. Calculate the greatest common divisor of 105 and s.
21
Let t be (-4)/10 - 328/(-20). Suppose -64 = -0*v - v. What is the greatest common divisor of t and v?
16
Let p(x) = -11*x. Let l be -1 + (0 - -1 - -3). Let s be (-1)/3 + (-2)/l. Let o be p(s). Calculate the highest common divisor of o and 121.
11
Suppose -23*m + 555 = -8*m. What is the greatest common divisor of m and 148?
37
Let d be ((-36)/(-5))/(3/15). What is the highest common factor of 9 and d?
9
Let n = -17 + 27. Let g(o) = -22*o**2 + 21*o - 5 + 21*o**2 - 13. Let t be g(14). Calculate the greatest common factor of n and t.
10
Suppose -24 = -0*k - 4*k + 4*i, 0 = -5*k - 3*i + 30. Suppose 0 = 2*w + 2*u - 4*u - 12, 0 = -4*w - 3*u + 3. Calculate the greatest common factor of k and w.
3
Suppose 32*b - 28*b = 24. Let p(r) = -25*r + 4. Let x be p(-4). Let y = 146 - x. What is the greatest common factor of b and y?
6
Suppose -5*t + 225 = -5*m, -5*m + 180 = -2*t + 6*t. Let y = -17 - -26. What is the highest common divisor of t and y?
9
Suppose 0 = -5*o - 0*o + 25. What is the highest common factor of o and 10?
5
Suppose 5*a - 2 = 3. Let l(d) = -d + 9. Let k be l(7). Suppose -5 = -p + k. Calculate the greatest common factor of a and p.
1
Let p(b) = b**2 - 5*b - 4. Let d be p(8). Calculate the highest common divisor of d and 2.
2
Let u = 5 + -6. Let k be 0/u + (11 - 2). Calculate the highest common factor of 3 and k.
3
Suppose l - 16 = -3*o, 7*o - 3*o - 8 = 2*l. Suppose l*v + 166 = 4*r + 50, 11 = r + 5*v. Calculate the greatest common divisor of r and 39.
13
Let m(u) = -u**3 - 24*u**2 - 4*u - 31. Let o be m(-24). Calculate the greatest common factor of o and 13.
13
Let r be (-20 - -18)/((-4)/10). Calculate the highest common factor of 15 and r.
5
Suppose -w = -9 - 0. Calculate the highest common divisor of 99 and w.
9
Let o = -12 + 52. Calculate the greatest common divisor of o and 5.
5
Let k be (-1)/(-1 - -2) + 5. Suppose 0 = u + 4*z - 3*z + 2, -2*z - 16 = -k*u. Suppose -u*c + 1 = -23. What is the greatest common divisor of 108 and c?
12
Let c be 1*(1 - (-1 + -2)). Suppose 5*a = 9*a + 4*x - 52, 3*x - 9 = 0. What is the highest common factor of a and c?
2
Let w(x) = 2*x**2 - 2*x - 4. Let j be w(-3). Suppose 6 - j = -t. Calculate the highest common factor of t and 98.
14
Let n(c) = 2 + 4 + c**2 + 0 - 3 + 3*c. Let b be n(-3). Suppose b*i + 0*i - 9 = 0. What is the greatest common factor of 3 and i?
3
Let t be (105/6)/5*2. Let u = -4 + t. Suppose u*p - 9 = -0*p. Calculate the highest common divisor of 12 and p.
3
Suppose 3*l - 5*v = -45, -2*l + 4*l + 3*v = -49. Let q be (70/l)/((-1)/6). What is the highest common divisor of 105 and q?
21
Let q = -25 + 6. Let k = -11 - q. Let p(h) = h**3 - h**2 - 7*h + 7. Let y be p(5). Calculate the highest common factor of y and k.
8
Let q = -63 - -153. Calculate the greatest common factor of 60 and q.
30
Let f(b) = 14*b + 2. Let i be f(5). Calculate the greatest common factor of 9 and i.
9
Let t be (-6)/4 - 159/(-6). Let f be (-6)/(-4)*(3 - 1). Suppose f*l = 6*l - 15. What is the highest common divisor of l and t?
5
Let v = -4 - 5. Let c be v/(24/9 + -3). Calculate the greatest common divisor of c and 9.
9
Suppose -3*f + 8 = -f. Suppose -b + f = b. Suppose -5*a = -5*y - 60, -a = -0*a - b*y - 9. What is the highest common factor of 5 and a?
5
Suppose -i - 2*i = -4*d - 75, 0 = d. What is the greatest common divisor of i and 50?
25
Suppose -502 = -0*k - 2*k. Suppose 0 = 2*a - k + 53. What is the highest common divisor of a and 11?
11
Let m = 20 + -4. Let u = -10 + m. What is the highest common factor of u and 4?
2
Let u be 16 + 4 + -3*2. Suppose -2*v = 4 - 18. What is the greatest common factor of u and v?
7
Suppose -m = 104 - 304. What is the greatest common divisor of 20 and m?
20
Let a be ((-2)/((-24)/(-42)))/(2/(-108)). What is the highest common factor of a and 21?
21
Suppose -3*u + 2 = 4*p, -3*p - u + 3 + 1 = 0. Calculate the highest common divisor of 32 and p.
2
Let r = -9 + 14. Let z be 154/10 - 8/20. Calculate the highest common factor of r and z.
5
Suppose 3*z - 6*z = -2*h - 374, -h = -5. What is the highest common divisor of 32 and z?
32
Let a(z) = z**3 - z**2 + 16. Let x be a(0). Let q = -84 + 124. What is the greatest common factor of x and q?
8
Let u = 547 - 263. Suppose 0 = -3*w - 0*g + 5*g + 376, -5*g = 2*w - u. Suppose 11 + 1 = v. What is the highest common divisor of w and v?
12
Suppose -4*s + 15 + 105 = 0. Suppose -10 = -5*d + s. What is the greatest common divisor of d and 40?
8
Let l = 45 + -25. Let z(m) = 25*m + 10. Suppose 0 = 7*g - 4*g - 18. Let y be z(g). What is the highest common factor of l and y?
20
Let d(u) = 24*u + 7. Let g be d(7). Let v = g - 79. Calculate the greatest common divisor of v and 12.
12
Suppose -4*h + 3*q = -2*h - 145, -4*h + 317 = 3*q. Let z = h + -18. Suppose v - z = 5*c + 57, v + 5*c = 136. What is the highest common factor of 14 and v?
14
Suppose 0 = 8*f - 3*f + 5, 3*f = -2*v + 29. Let a be 6/4*-1 + (-102)/(-4). What is the greatest common divisor of v and a?
8
Let x be (-28 + -2)/(4/(-6)). Calculate the greatest common factor of x and 9.
9
Suppose 2*t = -t. Suppose b + 0*b = t. Suppose b = -l + 4, -2*o - 3*l = -4*o + 60. What is the highest common divisor of o and 24?
12
Let j be ((-396)/10)/(3/(-15)). What is the greatest common divisor of 18 and j?
18
Let t be (48/7)/((-3)/(-21)). Calculate the highest common factor of 6 and t.
6
Let o(z) = 8*z**2 + 2*z. Let l be o(-1). Calculate the greatest common divisor of l and 4.
2
Let b(p) = 7*p**2 - p - 2. Let c be b(2). Let l be (-90)/(-8) - 6/c. Calculate the greatest common divisor of l and 33.
11
Let t(d) = -d**2 - 8*d - 5. Let q be (1 + -16)*(-2)/(-6). Let n be t(q). What is the greatest common factor of 2 and n?
2
Let a be (-800)/15*(-6)/4. Let j be (1 - -1)/((-4)/(-26)). Sup